- 15. Suppose -x + 16 - w = 5*g, -2*x - 2*g = -4. Let b(o) = o - 4 + 0*o + 1. Give b(x).
-3
Let h(u) = u**3 - 6*u**2 + 4*u - 17. Let f be h(6). Let q be (-3 - (0 + f))*-1. Let d(r) = 2*r - 12. What is d(q)?
8
Let w(y) = -2*y**3 + 13*y**2 + 5*y + 14. Let k(l) = -l**3 + 5*l**2 + 2*l + 5. Let a(o) = -11*k(o) + 4*w(o). Calculate a(-2).
-31
Let n(m) = -10*m - 1. Let i be (-5 + (-4 - -11))*(1 + -2). Give n(i).
19
Suppose 0 = 3*u - 5*k + 30, -u - 8 = -4*k + 9. Let o(l) be the third derivative of 0 - 17*l**2 - 1/12*l**5 + 1/24*l**4 + 0*l + 7/6*l**3 - 1/120*l**6. Give o(u).
2
Let m = 44 - 42. Let i(z) = z + m - 9*z**2 - 1 + 10*z**2. Determine i(0).
1
Let s(v) = v**3 - 5*v**2 + 5*v - 6. Let o be s(4). Let n = 34 + -31. Let b(z) = -6 + n + 2*z + 1 + 4. Give b(o).
-2
Let d be 6/(-15)*-5*-12. Let h = d + 24. Let y(v) = 4*v + 26. Let j(a) = -3*a - 17. Let c(k) = -7*j(k) - 5*y(k). Calculate c(h).
-11
Let p(f) = -2*f**2 + 9*f - 2. Let v(s) be the third derivative of s**5/20 - 17*s**4/24 + 5*s**3/6 + 4*s**2. Let z(w) = 5*p(w) + 3*v(w). Determine z(-5).
10
Let p(h) = -h**2 - 8*h + 5. Let y be ((-9)/6)/((-6)/(-28)). Calculate p(y).
12
Suppose -8*k + 30 = -3*k. Suppose 4*r = 3*r + k. Let h(y) = -y - 1. Let m(s) = s**2 - 10*s - 14. Let g(x) = -6*h(x) + m(x). Determine g(r).
4
Let s(i) = -2*i**3 + i**2 - 15. Let l(m) = m**3. Let v(c) = l(c) + s(c). Let d(h) be the first derivative of v(h). What is d(2)?
-8
Let d(h) = 7*h**2 + 7*h + 1. Let b(t) = t**2. Let o(p) = 5*p**2 + 7*p + 2. Let a(c) = b(c) + o(c). Let v(y) = 6*a(y) - 5*d(y). Determine v(-7).
7
Let j(d) = -6*d - 16. Let w(l) = l + 1. Let a(f) = j(f) + 5*w(f). Let q be a(-9). Let m be (q + 2)*4/(-8). Let g(v) = v**2 - v + 2. Calculate g(m).
2
Let d(o) = -o**3 - 6*o**2 + 3*o + 9. Let j(r) = r**2 - 12*r + 19. Let z be j(8). Let c = z + 7. Give d(c).
-9
Let h be (8 + -2)*3/6. Let v(c) be the first derivative of -1/4*c**4 - h - 3*c + c**2 - 2/3*c**3. Calculate v(-3).
0
Suppose -4 = 4*k - 16. Suppose 4*l - 5*d = 60, -4*l + k*d + 46 = -6. Let s(t) = t**3 - 5 - 6*t**2 + l + 0*t**3 + 4 - 3*t. Give s(6).
-9
Let i(c) = 2*c + 19. Let m(r) = r**2 + 9*r - 1. Suppose -5*g + 2*g - 24 = 0. Let w be m(g). Let v be i(w). Let o(k) = 3*k + 1. Calculate o(v).
4
Suppose -5*n = r - 14, 3*r + r = -4*n + 24. Let f(k) = -1 + 5*k**3 + 0*k**3 + 4*k**2 - n*k**2. Let m(u) = -20*u - 61. Let d be m(-3). Give f(d).
-4
Suppose 3*d = -4*c - 14, -2*d - 2 = 2*c - 3*c. Let t(j) be the first derivative of -j**2 - 2*j - 6. What is t(c)?
2
Let v(r) = -r - 7. Suppose -4*y = -12, 15*c - 14*c + 3*y - 4 = 0. Give v(c).
-2
Let j = 248 + -246. Let a(y) be the first derivative of -3*y - 4 + 1/4*y**4 + 4/3*y**3 + 1/2*y**j. Give a(-3).
3
Let p(f) = 5*f**3 - 5*f**2 - f + 8. Let t(w) = -22*w**3 + 19*w**2 + 4*w - 30. Let b(c) = 9*p(c) + 2*t(c). Give b(7).
5
Suppose -5*r + 5*t + 416 = 3*t, -4*t = -3*r + 258. Let b = 74 - r. Let w(x) = -3*x - 12. Calculate w(b).
12
Let o be -2 + 8/1 + -2. Let r(j) = 2 + 98*j - 22*j - 77*j. Give r(o).
-2
Let d(o) be the first derivative of -2*o**4 + o**2/2 - o + 82. Calculate d(1).
-8
Suppose 5*j + 3*r + 3 = 0, 3*j - 3*r + 2*r - 1 = 0. Suppose -4*b - 35 + 3 = j. Let x(u) = -u**3 - 9*u**2 - 7*u. Determine x(b).
-8
Let t(u) = 6*u**3 + u**2 + 1. Let z(k) = 12*k**3 + 3*k**2 - k + 3. Let y(f) = -5*t(f) + 2*z(f). Suppose -26*p - 4 = -30. Give y(p).
-6
Let i(h) = -h**3 + 4*h**2 + 3. Let z be i(-3). Let w be (2/5 + z/(-15))/(-2). Let t(s) = s + 1. Calculate t(w).
3
Let s(u) be the second derivative of -6*u - u**2 + 0 + 1/6*u**3. What is s(2)?
0
Let a(n) = 6*n**2 + 1. Let s = -11 - 48. Let j = s - -60. Determine a(j).
7
Let p(i) = i - 15. Let f = 68 - 36. Suppose -n + f = 3*n. Give p(n).
-7
Let t(s) = -4*s**3 - 1. Let q(d) = 3*d**3 + d**2 - d + 2. Let v(x) = 5*q(x) + 4*t(x). Calculate v(4).
2
Let g(c) be the second derivative of 9*c + 0 + 2/3*c**3 - 1/2*c**2 - 1/12*c**4 - 1/20*c**5. Let m = -1 + -2. What is g(m)?
5
Suppose -2 + 14 = -3*c. Let s be (-54)/10 - c/10. Let o(q) be the first derivative of -q**3/3 - 2*q**2 - 51. Give o(s).
-5
Let y(w) = w**3 + 8*w**2 - 10*w + 7. Let g = 34 + -45. Let u(p) = 2*p**3 + 15*p**2 - 19*p + 13. Let n(t) = g*y(t) + 6*u(t). What is n(-3)?
4
Let h be -20 - -24 - 13*1. Let l = h + 2. Let v(y) = y - 1. Let i(z) = -7*z + 9. Let f(k) = i(k) + 6*v(k). What is f(l)?
10
Let v(k) be the third derivative of -k**4/24 + 3*k**3/2 + 4*k**2 - 85*k. Let x(c) = c**2 + c - 2. Let r be x(-2). Determine v(r).
9
Suppose -5*k = 20, -91 = -5*r + 3*k - 14. Let s(v) = v**2 - 14*v + 7. Determine s(r).
-6
Let u(r) = -15 + 478*r + 5 - 477*r. What is u(7)?
-3
Suppose -2*i - 12 = 3*d - 5*d, -3*i - 22 = -4*d. Suppose 5*w - 8 = -3*f + 29, -4*w = f - 24. Let s(y) = 0*y - 5*y - w + 2. Determine s(i).
7
Let q(g) be the second derivative of g**3/3 - 6*g**2 - 14*g. Determine q(7).
2
Let s(o) be the first derivative of o**3/3 + 5*o**2 + 21*o - 15. Let x be s(-6). Let n(l) = -2*l**2 - 4*l + 1. Determine n(x).
-5
Let n(w) = 15*w**2 + 17*w - 3. Let t(r) = r**3 + r**2 + r - 1. Let v(m) = -n(m) - t(m). Calculate v(-15).
49
Let m(u) = -u + 3*u - 149 - u + 146. Give m(-5).
-8
Let f(y) = y**2 - 6*y - 6. Let k be (-128)/(-56) - 2/7. Suppose -k*d + 30 = 3*d. Calculate f(d).
-6
Let p(f) = -2*f**2 - 2*f - 14. Let n(x) = -x + 1. Let d(i) = 6*n(i) + p(i). Determine d(-4).
-8
Let g(z) = z**3 - 5*z**2 - 5*z - 2. Let m(k) = -2*k - 40 - 3*k**2 + 38 + k**3 + 0*k**3. Let d be ((0 - -2)*-2)/(-1). Let n be m(d). Calculate g(n).
4
Let u(a) = 2*a**3 - 7*a**2 + 2*a + 2. Let p be u(3). Let i(d) = -2*d**2 + 5. Let q(w) = w**2 - 1. Let x(z) = p*i(z) - 3*q(z). What is x(0)?
-2
Let b be ((-3)/((-162)/(-12)))/(3/(-27)). Let w(r) = -3*r + 1. Calculate w(b).
-5
Let y(v) = -4*v**2 + 11*v - v**3 + 12*v**2 - 17 - 19*v**2. Let n be y(-12). Let s(z) = -2*z + z + 2 - z. What is s(n)?
12
Suppose -68*r + 61*r + 49 = 0. Let d(y) = 5*y + 13. Let g(j) = -11*j - 27. Let w(z) = -13*d(z) - 6*g(z). Give w(r).
0
Let k(x) be the first derivative of -2*x**3/3 - x**2 - 2*x + 47. Give k(-4).
-26
Suppose -y - 31 = 2*g - 1, 4*y + 90 = 2*g. Let k = -15 - y. Let q(x) = -x**2 + 10*x - 3. What is q(k)?
6
Let y(z) = -4*z + 0*z**3 + 12 - 4*z**3 + 5*z**3 + 17*z**2 + 21*z. What is y(-16)?
-4
Let t = -102 - -105. Let m(y) be the first derivative of t - 5*y - 1/3*y**3 - 7/2*y**2. Determine m(-6).
1
Let r(d) = d**2 - 4*d - 3. Suppose 3*a = -8*a - 1496. Suppose -c + 4*h - 20 = -0*h, -3*h = -4*c - 132. Let x be 2/9 + a/c. What is r(x)?
-3
Let f(v) = -15*v**3 - 3*v + 38*v**3 + 6*v - 6*v**2 + 1 - 24*v**3. Determine f(-6).
-17
Let o = -14 - -32. Let z(h) = 11*h + 2. Let f(p) = -p. Let v(d) = o*f(d) + 2*z(d). Determine v(3).
16
Let s(w) = -w**2 - 9*w - 12. Let j be 6/(-2) + 2/2. Let h be 1*3*j/3. Let t be (-3)/(h + 57/24). Determine s(t).
-4
Let r(c) = 10 + 1262*c + 1 - 1261*c. Determine r(-12).
-1
Suppose -k + 4 = 1. Let f(h) = 6*h**2 - 3*h - h**3 + 0*h**k + 3 - 3*h + 0*h. Let p be 2*(7/2 - 1). Give f(p).
-2
Let g(l) be the first derivative of 2*l**3 - l**2/2 + 1. Let h = -728 + 729. What is g(h)?
5
Let t be (0 + -1)/(108/28 + -4). Suppose -t = g - 1. Let k(f) = -f**2 - 3*f + 8. What is k(g)?
-10
Let m(d) = -3*d - 3. Let a(f) = f**3 + 10*f**2 - 11*f. Let h be a(-11). Suppose h = 3*v - 3*z + 6, 0 = -v + z - 6*z - 8. Calculate m(v).
6
Let o(b) = b + 2. Let k(t) = -t - 13. Let p be k(-6). Let j be o(p). Let l(m) = -m**2 - 7*m - 5. What is l(j)?
5
Let v(q) be the first derivative of 3*q**2/2 - 2*q + 115. Give v(3).
7
Suppose -5 = -5*d - 25. Let h(x) = -x**2 + x - 3. Determine h(d).
-23
Let j(d) be the first derivative of 0*d**2 - 5/12*d**4 - 8/3*d**3 + 0*d - 2 - 1/120*d**5. Let w(o) be the third derivative of j(o). Determine w(-7).
-3
Let w = 3 - 1. Let v(k) = -7*k**2 + w + 3*k**2 + k**3 + 4*k**2. Give v(-2).
-6
Let t(p) be the second derivative of -3*p**5/20 - p**4/6 + p**3/6 + p. Let a = -13 - -18. Suppose g = -l - 3*g + a, -3*l + 3*g = 0. Give t(l).
-4
Let a be ((-8)/20)/(5/(-25)). Let l(s) = 6*s - a*s**2 + 1 + 0*s - 4*s - 2*s**2 + s**3. What is l(3)?
-2
Suppose 15 = 4*i - i. Let s(q) = -2*q**3 - 15*q**2 + 15*q - 10. Let k(h) = h**3 + 7*h**2 - 7*h + 5. Let o(b) = i*k(b) + 2*s(b). What is o(-6)?
-1
Let d(t) = -t**3 - 8*t**2 - 6*t. Let k = -1522 - -1518. Determine d(k).
-40
Let x(l) = -3*l - 6 + 0 + 1 + 2*l. Let 